108
Let n(k) = 1265*k - 199909. Determine n(158).
-39
Let a(z) = -19309*z - 12319143. What is a(-638)?
-1
Let h(j) = 665*j - 8846. Give h(15).
1129
Let c(i) = -8056*i - 8042. Give c(-1).
14
Let z(d) = -13*d**2 - 76*d + 298. Give z(4).
-214
Let l(c) = 3685*c - 129349. Calculate l(35).
-374
Let u(a) = -6*a**2 + 32617*a + 195651. Calculate u(-6).
-267
Let a(i) = -i**2 + 625*i + 37522. Calculate a(-55).
122
Let q(s) = 81*s + 18695. Determine q(-224).
551
Let h(d) = -160*d**2 + 9496*d - 108058. Determine h(44).
6
Let o(w) = w**2 - 9051*w + 539467. Give o(60).
7
Let j(g) = -31655*g - 58435132. What is j(-1846)?
-2
Let j(s) = 216887*s - 1518211. Give j(7).
-2
Let v(i) = 4*i**2 + 23622*i + 70875. Give v(-3).
45
Let o(w) = 7233*w**2 - 50628*w - 10. Calculate o(7).
11
Let w(z) = -z**3 - 260*z**2 - 445*z + 18310. Give w(-258).
-8
Let u(p) = -11*p**3 + 4*p**2 + 10*p + 6. Determine u(-3).
309
Let f(w) = 523*w - 40268. Give f(77).
3
Let k(m) = 20*m**2 - 31276*m + 310767. Determine k(10).
7
Let x(o) = -166*o + 31550. What is x(191)?
-156
Let p(h) = 32*h**2 + 1145*h - 9145. Determine p(8).
2063
Let i(a) = -a**3 + 57*a**2 - 216*a + 406. Determine i(53).
194
Let b(v) = 2835*v - 108527. Give b(38).
-797
Let z(h) = -165*h**2 + 7415*h + 110. Calculate z(45).
-340
Let x(a) = -96*a**2 + 38126*a - 5552. Give x(397).
6
Let x(k) = -368*k**2 + 804*k + 6. What is x(2)?
142
Let f(p) = 2*p**2 - 374*p + 16786. Determine f(81).
-386
Let k(j) = j**3 + 22*j**2 - 249*j - 3. What is k(14)?
3567
Let i(t) = 8*t**2 - 2130*t - 1626. What is i(267)?
-24
Let c(h) = 2*h**2 - 110*h - 1381. What is c(-12)?
227
Let o(f) = 1935*f + 11487. What is o(-6)?
-123
Let p(x) = 4*x**3 - 20*x**2 - 302*x + 1746. Determine p(6).
78
Let w(h) = 17*h + 318. Calculate w(-5).
233
Let x(d) = -5*d**2 - 31*d + 906. Calculate x(-18).
-156
Let y(r) = 1170*r + 194227. Give y(-166).
7
Let i(c) = -174929*c + 45. Calculate i(0).
45
Let k(m) = 2*m**2 + 3557*m + 313598. Give k(-93).
95
Let f(x) = -x**3 + 843*x**2 + 1698*x + 12. Give f(-2).
-4
Let y(m) = -2*m**2 - 61*m - 198. Determine y(-43).
-1273
Let k(h) = 1494*h**2 + 2959*h - 23. Give k(-2).
35
Let t(a) = -86*a**2 - 1029*a + 37. Give t(-12).
1
Let o(m) = m**3 + 155*m**2 - 1142*m - 1224. Determine o(-162).
72
Let r(i) = i**2 + 3496*i + 424530. What is r(-126)?
-90
Let u(o) = -10*o**3 - 15*o**2 + 117*o - 169. Give u(2).
-75
Let i(k) = 5*k**2 + 36*k - 3471. What is i(23)?
2
Let c(t) = -1535590*t - 12284723. Calculate c(-8).
-3
Let o(q) = 2*q**2 - 1733*q - 42835. What is o(-24)?
-91
Let f(t) = -75*t + 15078. Give f(203).
-147
Let b(d) = -43015*d - 860307. Calculate b(-20).
-7
Let t(v) = 92*v + 3980. What is t(-43)?
24
Let v(h) = 3662*h**3 - 13*h**2 + 11*h + 22. Determine v(-1).
-3664
Let s(l) = -23*l - 2167. Determine s(-83).
-258
Let c(t) = -t**3 + 286*t**2 - 2458*t - 1. Calculate c(9).
314
Let p(g) = -95*g**2 - 27*g + 30. Determine p(3).
-906
Let q(p) = -2155*p + 96944. Give q(45).
-31
Let o(q) = q**3 + 605*q**2 + 1957*q + 817206. What is o(-604)?
-6
Let y(b) = -17*b**2 + 1041*b - 244. Determine y(61).
0
Let u(y) = -3*y**2 - 518*y + 2343. Calculate u(-177).
42
Let s(f) = 506500*f - 2025915. What is s(4)?
85
Let x(k) = -52*k**2 + 36453*k - 695. Give x(701).
6
Let m(l) = -19*l**2 - 733*l - 1263. Determine m(-34).
1695
Let p(w) = -362383*w - 5798118. Calculate p(-16).
10
Let s(w) = 79*w**2 - 35788*w + 492. What is s(453)?
39
Let a(z) = -z**3 - 40*z**2 + 89*z + 3489. Determine a(-40).
-71
Let c(j) = 669*j + 139178. Give c(-207).
695
Let m(o) = 97249*o + 583465. Give m(-6).
-29
Let w(h) = 8655*h - 744339. Determine w(86).
-9
Let c(w) = w**3 - 181*w**2 - 925*w - 1315. What is c(186)?
-385
Let s(d) = -12080*d**2 - 3406564*d - 1132. Determine s(-282).
-4
Let z(f) = -4001*f - 1124595. Determine z(-281).
-314
Let v(t) = 8*t**2 + 1223*t - 282. What is v(-153)?
-129
Let w(d) = 8*d**3 - 1777*d**2 + 83*d + 30870. What is w(222)?
12
Let d(m) = 9*m**2 + 183*m - 1256. Calculate d(-26).
70
Let w(s) = -s**2 + 88*s + 2114. Determine w(-24).
-574
Let n(x) = -2836*x + 62885. Determine n(22).
493
Let a(j) = 19589*j + 3055910. What is a(-156)?
26
Let j(v) = -9984*v + 529128. Calculate j(53).
-24
Let u(w) = 934*w + 136396. Determine u(-146).
32
Let l(a) = -12*a**3 + 18*a**2 + 58*a - 22. Give l(-3).
290
Let l(d) = 3*d**2 - 274*d + 928. Determine l(4).
-120
Let t(b) = -70*b**2 + 4676*b + 30591. Calculate t(-6).
15
Let s(d) = 29021*d + 5775172. Give s(-199).
-7
Let c(j) = j**3 - 31*j**2 - 17093*j + 497354. Determine c(29).
-25
Let p(u) = -147*u**2 - 24*u - 14. Calculate p(3).
-1409
Let k(o) = -58626*o + 527631. Calculate k(9).
-3
Let c(x) = -9091*x - 172724. Determine c(-19).
5
Let w(l) = -5*l**3 + 865*l**2 - 908*l + 8402. Calculate w(172).
146
Let z(q) = 3*q**2 - 4761*q + 348814. Give z(77).
4
Let d(o) = 13*o**2 + 3147*o - 15804. What is d(-247)?
4
Let h(y) = -25*y**2 + 106*y + 20. Determine h(-7).
-1947
Let f(h) = h**2 + 357*h + 7068. Calculate f(-20).
328
Let k(f) = 267344*f - 1069385. Determine k(4).
-9
Let h(d) = 25500*d + 153047. Give h(-6).
47
Let x(z) = -z**3 - 410*z**2 - 7800*z - 8. What is x(-390)?
-8
Let y(u) = -u**3 + 73*u**2 + 552*u + 116. What is y(80)?
-524
Let j(d) = -10*d**2 + 25*d + 427. Determine j(13).
-938
Let y(i) = i**3 + i**2 - 107*i + 64. Determine y(9).
-89
Let n(f) = -22*f**2 + 1035*f - 11776. Determine n(28).
-44
Let r(f) = f**2 - 2460*f + 629307. What is r(290)?
7
Let k(g) = -3*g**2 - 215*g - 2926. Determine k(-53).
42
Let w(h) = -h**3 - 59*h**2 - 70*h - 105. Give w(-58).
591
Let r(g) = 29*g**2 + 1486*g - 33000. Determine r(-68).
48
Let n(u) = 17150*u**2 - 1354856*u + 474. Calculate n(79).
0
Let t(p) = 112509*p - 2025315. Determine t(18).
-153
Let y(s) = -14*s**2 + 109*s + 8. Determine y(4).
220
Let h(d) = -2*d**2 - 1016*d - 23117. Give h(-24).
115
Let p(b) = -8244*b + 7843. Give p(1).
-401
Let n(z) = -2*z**3 + 305*z**2 + 1704*z + 5373. What is n(158)?
1
Let v(y) = 71*y**3 - 429*y**2 - 42*y + 365. What is v(6)?
5
Let k(s) = -1551*s - 231100. Give k(-149).
-1
Let g(o) = 1128*o**2 - 15812*o + 33. Determine g(14).
-247
Let c(l) = -72*l**2 - 3592*l + 398. What is c(-50)?
-2
Let f(a) = -a**3 - 190*a**2 - 437*a - 11501. Calculate f(-188).
-33
Let g(i) = 886*i - 29440. Calculate g(34).
684
Let b(r) = 3*r**3 + 59*r**2 + 190*r - 21. Give b(-16).
-245
Let s(f) = 4*f**3 + 1378*f**2 - 9126*f + 26. What is s(-351)?
26
Let u(v) = -2*v**3 - 17*v**2 + 40*v - 44. Calculate u(-11).
121
Let x(v) = -v**3 - 166*v**2 + 193*v + 4370. Determine x(-167).
28
Let m(f) = f**3 - 36*f**2 - 96*f + 788. Calculate m(38).
28
Let i(r) = 3*r**2 - 1545*r + 148642. Give i(128).
34
Let d(z) = -15*z**2 + 115*z - 437. Calculate d(10).
-787
Let w(v) = v**3 + 55*v**2 + 100*v - 198. Give w(-53).
120
Let c(i) = 2*i**3 - 27*i**2 - 281*i - 133. Calculate c(20).
-553
Let l(c) = 1006*c + 7846. Give l(-8).
-202
Let d(h) = -17*h**2 - 72*h + 324. Give d(-7).
-5
Let c(h) = -h**3 - 32*h**2 + 63*h + 2739. What is c(-31)?
-175
Let q(z) = 8592*z**2 - z - 6. What is q(0)?
-6
Let j(m) = -3*m**2 + 675*m + 6901. Give j(-10).
-149
Let c(g) = 8*g**2 + 1100*g + 33294. Determine c(-45).
-6
Let c(x) = 11*x**2 - 195*x + 439. Give c(5).
-261
Let k(p) = 2*p**3 - 220*p**2 + 3946*p + 4874. What is k(87)?
2
Let h(s) = 14285*s - 514273. What is h(36)?
-13
Let u(g) = -g**3 - 45*g**2 - 941*g - 39477. What is u(-44)?
-9
Let v(j) = j**2 + 11498*j - 519449. Determine v(45).
-14
Let m(d) = d**3 + 207*d**2 - 643*d - 90470. What is m(-208)?
10
Let o(i) = -2*i**2 + 59*i + 569. What is o(-12)?
-427
Let p(m) = m**3 + 22*m**2 + 75*m + 731. Determine p(-21).
-403
Let f(m) = -14*m**3 + 1555*m**2 - 222*m + 12330. Give f(111).
9
Let n(l) = -2853*l - 34318. Calculate n(-12).
-82
Let u(t) = t**3 + 240*t**2 + 4413*t + 280. Determine u(-20).
20
Let k(a) = -2*a**3 + 103*a**2 - 1332*a + 1180. Calculate k(30).
-80
Let u(j) = -114494*j - 3663852. Determine u(-32).
-44
Let w(r) = 2*r**3 + 704*r**2 + 61531*r + 4672. Give w(-161).
3
Let q(c) = -17*c**3 - 764*c**2 + 46*c + 37. Calculate q(-45).
-8
Let t(n) = 1330*n - 11378. What is t(9)?
592
Let v(d) = 55731*d - 167014. Calculate v(3).
179
Let a(r) = 36889*r - 14202263. What is a(385)?
2
Let f(w) = -55*w**2 - 218*w + 1747. Determine f(4).
-5
Let a(w) = 24688*w - 49367. Determine a(2).
9
Let w(g) = -7186*g - 